pose 0 = -12*w + o*w - 20. Let z(l) = 2 + 4*l + l**2 + 0*l**2 + 1 + 0. What is z(w)?
3
Suppose -4*c + 20 = -k - 167, 81 = 2*c - 3*k. Suppose -10*v - 28 = -c. Let y(z) = -4*z + 6. Determine y(v).
-2
Let o = 5 - 1. Let h(k) = k**2 + k. Let g(w) = 4*w**2 + 2*w - 2. Let b(z) = 2*z**2 + z - 1. Let u(l) = -5*b(l) + 3*g(l). Let x(d) = o*h(d) - u(d). Give x(-3).
10
Let z(v) = -2*v**2 + 49*v + 134. Let a be z(27). Let r(t) be the second derivative of 3*t**3/2 - 16*t. What is r(a)?
-9
Let b(t) = -2*t**2 - 111*t - 270. Let y be ((-2)/3)/(25/(87450/44)). What is b(y)?
-5
Let o = 12 - 29. Suppose 69*a + 17*a + 801 = -1177. Let j = o - a. Let t(k) = -k**2 + 5*k + 6. Give t(j).
0
Let y(v) = 19*v**2 - 10*v - 1. Let n(r) = -3*r**2 + r. Let w(d) = -6*n(d) - y(d). Let l(b) = 3*b**2 + 51*b + 3. Let k be l(-17). Give w(k).
4
Let b(j) = 5*j + 15*j**2 - 41*j**2 + 12*j**2 + 19*j**2 + j**3 - 10. Calculate b(-4).
-14
Let x(v) = 8*v**2 - 3 + 4*v**2 - 12*v**2 - v**2 + 3*v + v. Suppose 0 = -11*a - 3*a + 70. Give x(a).
-8
Let x(h) be the first derivative of -h**4/12 + 2*h**3/3 - 13*h**2/2 + 28. Let j(m) be the second derivative of x(m). Determine j(-4).
12
Let t(k) be the third derivative of 1/120*k**6 - 1/4*k**4 - 1/10*k**5 + 1/6*k**3 + 0*k - 181 + 2*k**2. What is t(7)?
8
Suppose 0 = 2122*q - 2106*q. Let p(j) be the second derivative of q - 4*j**2 + 1/6*j**3 + 24*j. Give p(-6).
-14
Let d(c) = 8*c + 64. Let n(t) = 5*t**3 - 9*t**2 - 6*t + 1. Let r be n(-1). Give d(r).
8
Let v(x) = -x - 5. Let w be (-38)/(-14) - (-16)/56. Suppose 9 = -k + w*i, -4*i + 9*i - 15 = -4*k. Suppose -4*l - 16 = -2*f, 4*f = 3*l - k*l + 7. Give v(l).
0
Let g(d) = -125 - 83*d + 234*d - 66*d - 80*d. Give g(28).
15
Let t(v) = 49*v - 123*v + 17 + 75*v. Determine t(-3).
14
Let n(i) be the third derivative of i**6/120 + 3*i**5/10 - i**4 - 46*i**3/3 + 1832*i**2 + 2*i + 2. Give n(-19).
3
Let h(n) = 15*n + 2. Let q(u) = -65*u - 8. Let k(z) = 9*h(z) + 2*q(z). Let d(b) = -b**3 + b**2 + b. Let j be d(2). Determine k(j).
-8
Let i be -108*(-36)/162 + -23. Let x(o) = 32*o - 10. Calculate x(i).
22
Let w(m) = -m**3 - 11*m**2 + 5*m - 239. Let v be w(-13). Let a(p) = -p**2 + 30*p + 121. What is a(v)?
-15
Let m be 0/(((-484)/(-1089))/(4/(-18))). Let h(l) be the second derivative of m + 5/12*l**4 - 33*l + 1/20*l**5 - 1/3*l**3 + 5/2*l**2. Determine h(-5).
15
Suppose 9 = -4*i + 3*w, -5*i = -2*w - 0*w + 13. Let y be (-370)/(-130) - (-6)/39. Let g(k) = 29*k**2 + y*k + 34*k**2 + 2 - 62*k**2. Give g(i).
2
Let f(k) be the second derivative of -11 + 1/6*k**4 - 2*k**2 - 2*k + 1/2*k**3. Determine f(-5).
31
Let z(d) = d**3 + 9*d**2 + d - 6. Let i = -5915 + 5907. Give z(i).
50
Suppose 52*g - 49*g = 6. Let h be (4/2 - 4) + 5. Let w(r) = -h*r + 5 + 13 + 4 - 20. Give w(g).
-4
Let j(g) = 25. Let a(l) = l - 26. Let i(t) = 2*a(t) + 3*j(t). Let n be i(-10). Let p(v) = -34*v**2 - 1 + 4*v**2 + 8*v**2 - v + 23*v**2. Calculate p(n).
5
Let s(u) be the second derivative of u**4/6 - 11*u**3/2 + 9*u**2 + 14172*u. Calculate s(16).
2
Let z be (-4)/6*(-28 - -19). Let g(f) be the second derivative of 0 - f + 1/12*f**4 - 3*f**2 - f**3. Determine g(z).
-6
Let s(h) be the third derivative of -h**6/120 + 11*h**5/30 - 3*h**4/4 - 41*h**3/3 - 880*h**2 + 4*h. What is s(21)?
-19
Let b(u) = -47*u**2 + 2*u - 2. Let r be b(1). Let a = 41 + r. Let d(l) = 0*l + 2*l - 3*l. Calculate d(a).
6
Suppose 25 = -2*n + 29. Let o(g) = 5 - 13 - g + 3 - 3*g**n + 1 + 2. Give o(-2).
-12
Let a(u) = u + 2. Let t(f) = f**3 - 5*f**2 + 9*f - 6. Let i be t(4). Let o be i/84 - (-2)/(12/11). Suppose 18 = -m + 4*q, o*m - 3*q - 3 = -24. Give a(m).
-4
Let h(j) be the third derivative of j**6/180 - j**5/120 + j**4/12 - 6*j**3 + 2*j**2 + 27*j. Let f(g) be the first derivative of h(g). Give f(1).
3
Let f = 194 - 191. Let y(d) = d**f - 108*d**2 + 0*d**3 + 218*d**2 - 102*d**2 + 8*d + 9. What is y(-7)?
2
Let d(g) = 2*g**3 + 39*g**2 - 87*g + 197. Let k(f) = -5*f**3 - 103*f**2 + 218*f - 492. Let w(b) = -12*d(b) - 5*k(b). Give w(-48).
0
Let l(v) be the second derivative of -v**2 + 1/6*v**3 + 1/6*v**4 + 1/10*v**5 + 2*v + 25. Determine l(2).
24
Let u(l) = -2*l**3 + 4*l**2 + l - 1. Let s(j) = -5*j + 26. Let f = -15 + 21. Let t be s(f). Let p be (-2*4)/t + 1. Determine u(p).
-16
Let d(k) = 18*k + 157*k**2 + 152*k**2 - 11*k - 6*k + 1 - 310*k**2. Give d(6).
-29
Let f = 472 - 449. Let p(n) = -1 + 2*n**2 - n**2 - 5*n**2 - n - f*n**3 + 3*n + 24*n**3. Calculate p(3).
-4
Let j(z) = -5*z - 2*z**3 - 10*z + 0*z - 31 + 41*z**2 + z - 5*z. Determine j(20).
-11
Let w(f) = -3 - f + 3*f + 5*f. Let n = 6354 + -6352. Calculate w(n).
11
Let l(k) = -6*k**2 - 9*k + 22. Let a = -18589 - -18593. What is l(a)?
-110
Let i(f) = 2 + 2*f**3 - 6*f**2 + 3*f - 5*f**3 + 6*f**3 - 2*f**3. Let y be 5*(3 + (-136)/(-5)). Suppose y*r = 147*r + 12. Determine i(r).
-16
Let b(a) = -13*a**3 + 6*a**2 + 32*a - 29. Let r(t) = 63*t**3 - 30*t**2 - 160*t + 146. Let n(z) = -29*b(z) - 6*r(z). Give n(9).
10
Let x(m) = 3*m**3. Suppose 41*w - 49*w - 16 = 0. Let d be 6/w*12/18 + 3. Calculate x(d).
3
Let n be (-8*(-7)/98)/((16/(-140))/(-2)). Let f(m) be the second derivative of -2/3*m**3 + 1/2*m**2 + 0 - n*m. Calculate f(-4).
17
Let s be (1 + 2)/(-3)*(-17 - -4). Suppose s*y - 9*y + 15 = -f, -3*f = -3. Let l(n) = -n**3 - 3*n**2 + 3*n + 4. Calculate l(y).
8
Let r(t) be the first derivative of -2*t**2 - 1/3*t**3 + 3*t - 54. Give r(-4).
3
Let o be 4*(-3)/(-6) + 0. Let r(v) be the second derivative of -v**4/3 + v**3/6 - v**2 - v + 864. What is r(o)?
-16
Suppose -3*w - 195 = -0*p + 5*p, 46 = -p - 2*w. Suppose 12*a = -196 - 176. Let l = a - p. Let b(u) = 2*u - 1. What is b(l)?
9
Let v = 53424 - 53429. Let r(g) = -6*g + 3 - g**2 - g**2 - 4. Calculate r(v).
-21
Let a be (-13)/(-13) + (33/(-6) - (-6)/(-12)). Let v(m) = -6*m - 12. Calculate v(a).
18
Let j(f) = 16*f - 83. Let s(b) = 65*b - 340. Let l(d) = -25*j(d) + 6*s(d). What is l(4)?
-5
Let a(i) be the second derivative of 5/6*i**3 - i - i**2 - 1/12*i**4 + 0. Let p(t) = -4*t**2 + 437*t + 780. Let s be p(111). What is a(s)?
4
Suppose -4*s + 3*x - 2*x + 100 = 0, -2*s - 3*x = -36. Suppose -2 = 25*q - s*q. Let h(a) = -67 + 65 + 4*a**2 + 0*a**2 - 2*a - 3*a**2. Calculate h(q).
6
Let y = -10 + 14. Let n be (6 + y)*6/15. Suppose -n*r = -10 - 2. Let x(m) = 3*m - 2. Calculate x(r).
7
Let u(b) = b**3 - 7*b**2 + 6*b - 4. Suppose -17*i = 50*i - 13*i - 216. What is u(i)?
-28
Suppose -4*c + 4 = -5*c. Let k(n) be the first derivative of 7*n**2/2 + 9*n - 854. Give k(c).
-19
Let r(l) = l**3 + 4*l**2 - 7*l - 5. Let i = -2 + 2. Let a be ((-6)/6)/(25/75). Let y be (80/(-48))/(i + (-1)/a). Calculate r(y).
5
Let i(h) be the first derivative of -h**2 + 77 - 1/3*h**3 + 5*h. Determine i(-7).
-30
Let d(k) = 14 + 12*k + 2*k**2 + 19 + 7 - 52. Let m(j) = j**2 + 6*j - 6. Let p(w) = 3*d(w) - 5*m(w). Determine p(-6).
-6
Suppose 18*o - 3*p = 21*o + 30, 8*o - p + 107 = 0. Let h(y) = -y**3 - 12*y**2 + 12*y - 18. What is h(o)?
-5
Let l(g) = 12*g**3 + 32*g**2 + 13*g - 32. Let q(m) = 5*m**3 + 15*m**2 + 7*m - 14. Let f(v) = -3*l(v) + 7*q(v). Calculate f(10).
-2
Let y(z) = 22*z + 11. Let d(v) = -43*v - 19. Let m = -585 - -588. Let g(n) = m*d(n) + 5*y(n). Calculate g(2).
-40
Let l(y) be the third derivative of y**3 - 62*y**2 - 1/24*y**4 + 0*y + 0. Give l(6).
0
Let c(g) = -2*g**2 - 5*g + 397. Let f be c(13). Let u(l) = 6*l + 13. Calculate u(f).
-23
Let u(f) = f**2 + f - 3. Let c be u(3). Suppose 0 = -7*x + x + 120. Let g(d) = 5 + 2 + 2*d - x + 8. What is g(c)?
13
Let j(h) = 2*h - 14. Let d(q) = -5*q**3 - 16*q**2 + 2*q - 4. Let o(s) = -4*s**3 - 15*s**2 + 2*s - 5. Let u(y) = -5*d(y) + 6*o(y). Let v be u(10). What is j(v)?
6
Let d(w) = 61*w**2 + 2*w - 14. Let t(c) = 112*c**2 + 5*c - 25. Let h(a) = -11*d(a) + 6*t(a). Determine h(5).
69
Let x(d) = -d**3 + 12*d**2 + 14*d - 3. Let v = 30 - 111. Let s be 5/2*(-11 - v/5). Calculate x(s).
10
Suppose -6 + 3 = 3*r, 0 = n - r - 9. Let p be 1/(6 + (-11 - -6)). Let g(f) = -f**2 - p + 275*f + 1 - 265*f. What is g(n)?
16
Suppose 0 = 2*o - 4*r + 6, 542*r - 12 = -2*o + 540*r. Let b(x) = -6*x + 25. Give b(o).
7
Let r(d) = d**2 - 7*d + 6. Suppose 2*q - 33 = 79. Let h be 371/q - 7 - (-118)/16. Give r(h).
6
Let o be 5 - (7 + -12 + 6). Suppose -2*x = -4*i - 34, o*x - x - 26 = i. Let q(l) be the second derivative of -l**3/6 + 9